erivative of k**4/24 + k**3 + 21*k**2. Calculate h(-6).
0
Suppose -4*x + 22 = 2*d + 3*d, 5*d = 5*x - 5. Let f(j) be the second derivative of -j**5/10 + j**4/3 - j**3/3 - j**2 - 5*j. Calculate f(d).
-6
Suppose 0 = s + 5*o + 8 + 11, s - 2 = 2*o. Let l(v) be the second derivative of 1/6*v**3 - 2*v + 0 + 0*v**2. What is l(s)?
-4
Let x(u) = 17*u**3 + 2*u**2 - 7*u + 7. Let l(p) = 8*p**3 + p**2 - 3*p + 3. Let w(q) = -5*l(q) + 2*x(q). Determine w(1).
-7
Let l be 4*((-6)/(-2) + -2). Let y = 15 + 5. Suppose y = l*v - 0*v. Let o(r) = -r + 9. Give o(v).
4
Let h = -1 - -2. Let p(c) = c**3 - 4*c**2 - 4*c - 3. Let s be p(5). Let k(o) = -4*o**s + 3 - 4 + 0. Determine k(h).
-5
Let i(j) = -j**3 - 7*j**2 - 13*j + 2. Let z(b) = -3*b**3 - 21*b**2 - 38*b + 6. Let l(s) = -17*i(s) + 6*z(s). Determine l(-5).
-13
Let c(l) = -l - 5. Let p be ((-6)/(-9))/(3/36). Suppose -5 = -j, -5*x + 2*j - 33 = -p. Give c(x).
-2
Let p(b) be the second derivative of -b**4/12 - 7*b**3/6 - 2*b**2 - 27*b. Give p(-6).
2
Let t(a) = a**3 + 15*a**2 + 14*a - 7. Let f be t(-14). Let y(i) = -i**2 - 8*i - 3. Determine y(f).
4
Let x(u) = 9. Let n(o) be the third derivative of o**4/24 + o**3/6 + o**2. Let z(w) = -n(w) + x(w). Give z(0).
8
Let w(u) be the third derivative of -u**4/24 + u**3/3 - u**2. Give w(6).
-4
Suppose 2*n + 0 + 2 = 0. Let f = 2 - n. Let i(j) = j**2 - j - 3. Give i(f).
3
Suppose -7 = 5*p + 4*o - 1, -4*o = -2*p + 20. Suppose -p*q = -2 + 14. Let r(j) = -j**2 - 5*j - 1. What is r(q)?
-7
Let a(c) = 2*c - 1. Let d be 2/6 + 8/3. Calculate a(d).
5
Let s(n) = n**2 - 5*n - 2. Let m(r) = 2*r**2 - 15*r - 6. Let k(i) = -3*m(i) + 8*s(i). Give k(-4).
14
Let j(z) = -4*z**3 + 3*z**2 - 5*z + 3. Let f(a) = 3*a**3 - 3*a**2 + 4*a - 3. Let w(d) = -5*f(d) - 4*j(d). Determine w(-3).
3
Let b(f) = -f**2 - 4*f + 2. Let t be b(-4). Suppose -x - t - 3 = 0. Let i(h) = h**2 + 3*h - 5. What is i(x)?
5
Let s(k) = -k - 4. Let v(t) = -t**3 - 3*t**2 + 4*t + 2. Let x = 6 - 10. Let a be v(x). Suppose 7*r = a*r - 20. Calculate s(r).
0
Let r = -8 + 10. Let g(i) = 2*i**2 + 2*i - 1. What is g(r)?
11
Let m be 1/3*(-108)/(-9). Let j(l) = 0*l**2 + 2*l**3 - l**3 - 4*l**2 + 4. Calculate j(m).
4
Let k(i) = -12*i**2 + 1. Suppose -5*g - 3*n = 30, 3*g + 2*g + 2*n = -30. Let o be (1 + 1)*(-3)/g. Calculate k(o).
-11
Suppose 0 = -0*x + x. Suppose -2*p + 1 = s, 3*p - 2*p + 4*s + 3 = 0. Let y(n) = n**2 - 3*n - 3*n + 7*n - p. What is y(x)?
-1
Let p(f) be the third derivative of f**5/15 - f**4/6 + f**3/3 + 6*f**2. Determine p(2).
10
Let v(b) be the second derivative of -b**4/6 - 2*b**3/3 + 3*b**2/2 - 13*b. Determine v(2).
-13
Let s be (-12)/36 + ((-14)/3)/(-2). Let z(x) = -x**3 + 2*x**2 + 2*x - 1. Determine z(s).
3
Let i(a) = 2*a**2 - 36*a + 6. Let q be i(18). Let t(z) = -z - 3. Determine t(q).
-9
Let i(w) = 32*w + 1 - 15*w - 16*w. Calculate i(-2).
-1
Let a(o) = -7*o**2 - 6*o + 3. Let y(k) = k**2. Let q(m) = -a(m) - 6*y(m). Give q(-6).
-3
Let f be (11/(-4) + 3)/((-1)/(-28)). Let d(y) = y + 1. Determine d(f).
8
Let i(q) = -3*q**2 - 20. Let j(b) = -8*b**2 - 59. Suppose 3*n = -2*n + 20. Let t(d) = n*j(d) - 11*i(d). Calculate t(0).
-16
Let b(g) = -g**2 + g + 1. Let h be b(-1). Let u(j) be the third derivative of -j**6/20 - j**5/60 - j**4/24 - j**3/6 + 3*j**2. What is u(h)?
5
Let u(f) = f - 3. Let i(l) = -l**3 + 6*l**2 - 5*l + 5. Let t be i(5). Suppose t*p = 13 + 2. Determine u(p).
0
Let c be (2 + -1)/(1/3). Let n(q) = -q + 1. Determine n(c).
-2
Let b(r) = -5*r - 3. Let f be -3 - (-1 - ((3 - 5) + 8)). Calculate b(f).
-23
Let w(r) = r + 3. Let l(k) = 2*k - 3. Let n be l(2). Suppose 5*u - 3*d - 17 = n, -3*u = 2*d - 7. Suppose u*z + 9 = -6. Give w(z).
-2
Suppose 0 = -2*q - 4*n - 4, -6*q + q = 5*n - 10. Let w(d) = -1. Let b(g) = -g + 9. Let c(z) = b(z) + 6*w(z). Give c(q).
-3
Let i(q) = -3*q + 33. Let l be i(11). Let y(s) = -s**3 - s**2 + s - 7. Calculate y(l).
-7
Let d(i) = 2*i - 1. Let g = -14 - -15. Determine d(g).
1
Let u(h) be the third derivative of 3*h**6/40 + h**5/30 - h**3/6 - h**2. Let j = -46 + 45. Determine u(j).
-8
Let t(a) = 3*a. Suppose 4*r - 109 = -113. Calculate t(r).
-3
Let j(v) be the third derivative of v**5/60 + v**4/4 - 5*v**3/6 - 4*v**2. Let d be j(-7). Let m(k) = 0*k**2 + k**3 - 2*k**d - 2*k + 0*k**2 - 4. Give m(3).
-1
Let s(d) = 7*d**3 - 6*d**2 + 12*d + 10. Let c(u) = -6*u**3 + 6*u**2 - 11*u - 9. Let i(v) = -6*c(v) - 5*s(v). Let x = 21 - 16. What is i(x)?
9
Suppose 8 + 2 = o. Let d be (6/o)/((-2)/(-10)). Let f(r) = -4*r + 1 - 2*r**d + 2*r**2 + 3*r**2 + r**3. What is f(4)?
1
Let t be -5 - 2 - (-4 + 2). Let w(g) = g**2 + 7*g + 5. Determine w(t).
-5
Let a(b) = -2*b**2 + 2*b - 2. Let r = -7 + 3. Let j be (r/6)/(4/(-12)). What is a(j)?
-6
Let u(j) be the first derivative of 3*j**2/2 + 2*j + 2. What is u(-2)?
-4
Let c(a) = 2*a - 2*a + a**2 + a. Let k(v) = v**2 + 5*v - 8. Let h be k(-6). Calculate c(h).
2
Let y(i) = -i + 1. Let u be y(6). Let c = u + 7. Let n(b) = -b**3 - 2*b + 1. Calculate n(c).
-11
Suppose 2*y + 5 = 5*w, 0 = -3*y + 2*y. Let i(r) = -r + w + 0 + 2 - 4. Determine i(3).
-4
Let v(i) = -i**3 - 4*i**2 + 4*i + 1. Let f(u) be the first derivative of -11*u**3 - u**2 - u - 3. Let j be f(-2). Let g be j/27 - 4/18. Determine v(g).
6
Let l(d) = -d**3 - 24*d**2 + 7*d + 0 + 19*d**2 + 5. Determine l(-6).
-1
Suppose -2*f + 4*f = 0. Suppose 4*h + 13 = -2*o + 3, -5*h - 10 = f. Let s(i) = 5*i**2 - 1. Give s(o).
4
Let u(k) = 2 + 0*k + 4*k - 4 - 2*k**2. Let r be u(2). Let o(s) = -4*s**2 - 2*s + 2. Determine o(r).
-10
Let q(i) = i**2 + 11*i. Let p(w) = 3*w**2 + 32*w. Let o(n) = -6*p(n) + 17*q(n). Give o(-6).
-6
Let j(h) = -h**2 + h + 4. Let w(f) = -10*f - 1. Let l be w(-1). Suppose 4*k - k + l = 0. What is j(k)?
-8
Let j(z) = z**2 - 3*z + 1. Let s = 0 + 1. Suppose -2*r - s = -3*o - 0, 5*o - 31 = -4*r. Calculate j(r).
5
Let m(f) = 3*f - 1. Let x be m(-1). Let v(h) = -2 - 120*h - 3 + 119*h. Determine v(x).
-1
Let g(w) = -w - 1. Let c(f) = -5*f + 1. Let y(p) = c(p) - 6*g(p). Suppose -s = -b + 7 + 3, -3*s - 3*b - 6 = 0. What is y(s)?
1
Let y = -4 - -8. Let o(b) = 4*b**3 - 6*b + 9. Let a(r) = -r**3 - r**2 - 1. Let d(u) = -3*a(u) - o(u). Give d(y).
2
Let y(v) = 3*v - 2. Let d = 62 - 64. Give y(d).
-8
Let n(t) be the second derivative of t**4/6 - t**3/3 - 2*t**2 + 7*t. Determine n(3).
8
Suppose -v + 3 + 3 = 0. Let x(c) = 0*c**3 + 270 + c**3 + 0*c**3 - 5*c**2 - 274 - 3*c. Calculate x(v).
14
Let g(n) = -n**2 + 3*n + 1. Let y be 7 + -3*(0 - -1). Determine g(y).
-3
Suppose 2*k - 2*a = -8, -4*a + 14 = -2*k + 4. Let o(w) be the second derivative of w**5/20 + w**4/6 - w**3/3 - 2*w**2 + 2*w. Give o(k).
-7
Let c(y) = 7*y + 2*y**2 - 12*y + 8*y - 2. Let k be (2/5)/(2/10). Suppose -5*m + 11 = k*i - 3, 3 = 3*i + 3*m. Calculate c(i).
7
Let j(v) = -v. Let x be j(-6). Suppose -x*t + 3*t = -75. Suppose 2*c = -w + 10, w + t = 6*w + 5*c. Let s(h) = h**2 - 4. Determine s(w).
-4
Let m(i) = 9*i. Suppose -6*r + 5 - 11 = 0. Determine m(r).
-9
Let f be -2*((-4)/1 - -2). Let h(d) be the second derivative of -d**5/60 + d**4/6 + d**3/3 - d**2 + d. Let c(u) be the first derivative of h(u). Give c(f).
2
Let h(o) = -o**3 + 6*o**2 - 5*o + 7. Suppose -4*r + 17 = 5, 6 = 3*k - 3*r. Calculate h(k).
7
Let u(a) = -a**3 + a**2 + a - 5. Suppose 62*f = 59*f. Determine u(f).
-5
Let f(k) be the third derivative of k**4/24 - 3*k**3/2 - 2*k**2. Calculate f(10).
1
Let v be (-14 + 0 - 0) + 4 - -3. Let m(y) = y**2 + 4*y - 8. What is m(v)?
13
Let m(f) = f**3 + f**2 - f. Let u(c) = -5*c**3 - 4*c**2 + 5*c - 8. Let i(j) = -4*m(j) - u(j). Give i(0).
8
Let w be ((-30)/(-8))/(30/(-80)). Let m(h) = -h + 2. Give m(w).
12
Let a(f) = 2*f + 3. Let s(u) = 3*u**2 + 4*u + 3. Let c be s(-2). Determine a(c).
17
Let n be -1 + (-2)/1 + 2. Let j(l) = l**3 - 6*l**2 + 6*l. Let d(h) = h. Suppose 0*q + 15 = 3*q. Let b(m) = n*j(m) + q*d(m). Calculate b(6).
-6
Let h(k) be the second derivative of -k**5/20 - 7*k**4/12 - k**3 - k**2/2 - 4*k. What is h(-6)?
-1
Let y = 12 + -19. Let m(n) = -n**3 - 8*n**2 - 6*n. Give m(y).
-7
Let z = 4 + -3. Let h = z + 0. Let f(k) = -2*k + 1. Determine f(h).
-1
Let r(a) = a + 11. Suppose 0 = 4*l + 2*y - 8, -y + 2 + 2 = -2*l. Calculate r(l).
11
Let h(o) = -o**2 + 4*o - 2. Let g = -2 + 3. Let d = g - -4. Let v = d + -2. Give h(v).
1
Let d(z) be the first derivative of 1/3*z**3 + 